 the prime factors of 423565?
5, 84713
List the prime factors of 571079.
73, 7823
List the prime factors of 4078597.
19, 214663
List the prime factors of 4102695.
3, 5, 17, 31, 173
What are the prime factors of 253827?
3, 7, 17, 79
List the prime factors of 1546836.
2, 3, 128903
What are the prime factors of 26521?
11, 2411
What are the prime factors of 307489?
7, 13, 31, 109
What are the prime factors of 156723?
3, 7, 17, 439
What are the prime factors of 675958?
2, 137, 2467
List the prime factors of 638871.
3, 23, 47, 197
List the prime factors of 254450.
2, 5, 7, 727
List the prime factors of 682180.
2, 5, 23, 1483
List the prime factors of 2267952.
2, 3, 37, 1277
List the prime factors of 179105.
5, 113, 317
List the prime factors of 557442.
2, 3, 31, 37
List the prime factors of 159376.
2, 7, 1423
What are the prime factors of 1078886?
2, 257, 2099
List the prime factors of 199077.
3, 66359
What are the prime factors of 2518503?
3, 13, 64577
List the prime factors of 421184.
2, 6581
What are the prime factors of 2776471?
2776471
What are the prime factors of 30418615?
5, 6083723
List the prime factors of 167998.
2, 19, 4421
What are the prime factors of 76227?
3, 25409
List the prime factors of 1633210.
2, 5, 163321
What are the prime factors of 20397441?
3, 73, 93139
What are the prime factors of 547966?
2, 83, 3301
What are the prime factors of 75735?
3, 5, 11, 17
List the prime factors of 3380959.
149, 22691
What are the prime factors of 908872?
2, 103, 1103
List the prime factors of 2481936.
2, 3, 29, 1783
List the prime factors of 87454.
2, 73, 599
List the prime factors of 854234.
2, 427117
List the prime factors of 299918.
2, 29, 5171
What are the prime factors of 393749?
393749
What are the prime factors of 8265?
3, 5, 19, 29
What are the prime factors of 30231458?
2, 461, 32789
What are the prime factors of 4655244?
2, 3, 11, 35267
What are the prime factors of 271758?
2, 3, 45293
List the prime factors of 5835935.
5, 7, 166741
List the prime factors of 424783.
19, 79, 283
What are the prime factors of 2255541?
3, 23, 97, 337
What are the prime factors of 952919?
11, 86629
What are the prime factors of 4713?
3, 1571
What are the prime factors of 1510982?
2, 11, 173, 397
What are the prime factors of 1703898?
2, 3, 7, 13523
What are the prime factors of 3083849?
31, 3209
What are the prime factors of 30287?
31, 977
List the prime factors of 206603.
206603
What are the prime factors of 1321132?
2, 43, 7681
List the prime factors of 2300710.
2, 5, 19, 12109
What are the prime factors of 2808327?
3, 163, 5743
List the prime factors of 26832242.
2, 157, 85453
List the prime factors of 2950727.
13, 353, 643
What are the prime factors of 6907890?
2, 3, 5, 11, 173
What are the prime factors of 257864?
2, 32233
List the prime factors of 7603553.
19, 400187
What are the prime factors of 31835?
5, 6367
What are the prime factors of 11884925?
5, 13, 29, 97
List the prime factors of 11732253.
3, 13, 19, 71, 223
What are the prime factors of 125172?
2, 3, 19, 61
List the prime factors of 2847626.
2, 29, 1693
List the prime factors of 6224136.
2, 3, 259339
List the prime factors of 1720882.
2, 860441
What are the prime factors of 786151?
786151
List the prime factors of 560374.
2, 280187
List the prime factors of 9213653.
43, 353, 607
List the prime factors of 514037.
113, 4549
What are the prime factors of 447758?
2, 131, 1709
List the prime factors of 242212.
2, 19, 3187
What are the prime factors of 973576?
2, 121697
List the prime factors of 27994.
2, 13997
What are the prime factors of 1618939?
7, 231277
What are the prime factors of 17344332?
2, 3, 481787
What are the prime factors of 7649274?
2, 3, 1274879
List the prime factors of 642790.
2, 5, 64279
What are the prime factors of 348578?
2, 174289
What are the prime factors of 443441?
19, 23339
What are the prime factors of 19397125?
5, 11, 14107
List the prime factors of 65369.
131, 499
What are the prime factors of 5769354?
2, 3, 409, 2351
List the prime factors of 193963.
7, 11, 229
List the prime factors of 683643.
3, 31, 7351
List the prime factors of 11734479.
3, 1303831
What are the prime factors of 664848?
2, 3, 19
What are the prime factors of 130045?
5, 31, 839
What are the prime factors of 9949813?
29, 43, 79, 101
List the prime factors of 468941.
11, 89, 479
What are the prime factors of 1141444?
2, 19, 23, 653
What are the prime factors of 79869?
3, 79, 337
What are the prime factors of 16506?
2, 3, 7, 131
What are the prime factors of 406473?
3, 157, 863
List the prime factors of 212924.
2, 53231
List the prime factors of 398087.
398087
What are the prime factors of 1968058?
2, 19, 67, 773
List the prime factors of 1880127.
3, 317, 659
List the prime factors of 557415.
3, 5, 4129
What are the prime factors of 245476?
2, 7, 11, 797
List the prime factors of 3784467.
3, 1261489
List the prime factors of 1023305.
5, 103, 1987
List the prime factors of 296004.
2, 3, 17, 1451
List the prime factors of 31414462.
2, 509, 30859
What are the prime factors of 1802118?
2, 3, 29, 10357
What are the prime factors of 25901?
59, 439
List the prime factors of 64852.
2, 31, 523
List the prime factors of 2803129.
7, 41, 9767
What are the prime factors of 444002?
2, 13, 17077
What are the prime factors of 5931215?
5, 17, 69779
List the prime factors of 2140448.
2, 66889
List the prime factors of 29086997.
29086997
List the prime factors of 1909716.
2, 3, 43, 3701
List the prime factors of 3182515.
5, 7, 79, 1151
List the prime factors of 29681.
67, 443
What are the prime factors of 47985?
3, 5, 7, 457
List the prime factors of 191708.
2, 11, 4357
List the prime factors of 769170.
2, 3, 5, 25639
What are the prime factors of 10009896?
2, 3, 13, 32083
What are the prime factors of 15229213?
15229213
What are the prime factors of 3844996?
2, 67, 14347
List the prime factors of 20136243.
3, 733, 9157
List the prime factors of 11959649.
13, 877, 1049
List the prime factors of 935130.
2, 3, 5, 7, 61, 73
What are the prime factors of 11824146?
2, 3, 17, 2273
What are the prime factors of 177112?
2, 13, 131
What are the prime factors of 153878?
2, 47, 1637
List the prime factors of 491640.
2, 3, 5, 17, 241
What are the prime factors of 1077849?
3, 23, 41, 127
What are the prime factors of 2850135?
3, 5, 17, 11177
List the prime factors of 20557071.
3, 163, 173
What are the prime factors of 153380?
2, 5, 7669
List the prime factors of 3194851.
11, 290441
List the prime factors of 1911156.
2, 3, 13, 12251
What are the prime factors of 481945?
5, 113, 853
List the prime factors of 1912060.
2, 5, 95603
List the prime factors of 6155215.
5, 11, 111913
What are the prime factors of 585141?
3, 195047
What are the prime factors of 73960?
2, 5, 43
List the prime factors of 1088392.
2, 37, 3677
List the prime factors of 2522714.
2, 1261357
What are the prime factors of 681723?
3, 7, 3607
What are the prime factors of 2016230?
2, 5, 201623
What are the prime factors of 5939019?
3, 97, 6803
List the prime factors of 80649.
3, 29, 103
What are the prime factors of 571576?
2, 37, 1931
List the prime factors of 111452.
2, 11, 17, 149
List the prime factors of 9673042.
2, 4836521
List the prime factors of 299993.
299993
What are the prime factors of 21097417?
11, 23, 83389
What are the prime factors of 1429768?
2, 17, 10513
What are the prime factors of 179490?
2, 3, 5, 31, 193
What are the prime factors of 101636?
2, 25409
What are the prime factors of 3785132?
2, 13, 83, 877
List the prime factors of 3326367.
3, 11, 100799
What are the prime factors of 24934916?
2, 19, 71, 4621
List the prime factors of 22028338.
2, 11014169
What are the prime factors of 3488437?
3488437
List the prime factors of 5701708.
2, 1425427
List the prime factors of 3776796.
2, 3, 104911
List the prime factors of 286191.
3, 31799
List the prime factors of 608582.
2, 13, 89, 263
What are the prime factors of 987902?
2, 211, 2341
List the prime factors of 3315489.
3, 1105163
What are the prime factors of 960585?
3, 5, 17, 3767
List the prime factors of 13475647.
13475647
What are the prime factors of 24830056?
2, 3103757
List the prime factors of 385549.
23, 16763
List the prime factors of 687595.
5, 137519
What are the prime factors